 -l**3 + 7*l**2 - 6*l - 1. Let d(g) = 1. Let n(f) = -2*d(f) + s(f). Let y be (-1 - (-26)/6)*(-33)/(-22). Calculate n(y).
17
Let y(v) be the second derivative of v**3/6 - 2*v**2 + v. Let n be 2 + 1/((-3)/63). Let x = n - -16. Give y(x).
-7
Let r(c) = 2 + 23*c**2 - c - 21*c**2 - 1. Calculate r(2).
7
Let r = -9 + 6. Let l = r - -5. Let o(k) = -2*k + 2. Determine o(l).
-2
Let k(s) = -s - 1. Suppose -r - 1 = -7. Let z(p) = 4*p + 3. Let c(h) = r*k(h) + 2*z(h). Determine c(1).
2
Let l = -8 + 2. Let o(v) = -v + 1. Calculate o(l).
7
Let f(k) = -10*k + 1. Let v(r) = r**3 + r**2 - 2*r + 1. Let p be v(-2). Determine f(p).
-9
Suppose 0 = -2*j - 3*j + 10. Suppose 4*z = 2*z + 2. Suppose -z = j*v + 1. Let k(w) = w. Determine k(v).
-1
Let w(n) = -n**3 + 4*n**2 + 6*n - 2. Suppose -l + k = -6 - 0, -3*l + 2*k + 14 = 0. Suppose 2*p + 12 = l. Let i = 10 + p. What is w(i)?
3
Let c(x) = -x**2 + x + 3. Let z = 11 - 8. Suppose -u - z*u = -16. Suppose 0 = u*o - 6*o. Determine c(o).
3
Let x be 2*-3*(-1)/3. Let a(j) = -j + x - 4 + 6. What is a(-3)?
7
Let s(c) = 11*c - 14. Let z(x) = 7*x - 9. Let u(w) = 5*s(w) - 8*z(w). Let o be u(-4). Let t(b) = b - 2. Determine t(o).
4
Let z(u) = u**2 + u - 3. Let k = -13 + 21. Let w(t) = -t**2 + 7*t + 11. Let p be w(k). What is z(p)?
9
Let v be 3*8/3 + -3. Let c(d) = -d. Let p be c(-5). Suppose -v = -4*z + p*z. Let r(m) = -3*m - 7. Determine r(z).
8
Suppose 7 = -4*j - 9. Let l be (j/10)/(2/20). Let i(u) be the third derivative of u**6/120 + u**5/15 + u**4/12 + u**3/2 - 20*u**2. What is i(l)?
-5
Let c(r) = r - 5. Suppose 21 = 12*t - 27. Determine c(t).
-1
Let r(k) be the first derivative of k + 25 - 27 + k + k**2. Let g = -3 + 1. Determine r(g).
-2
Let b(k) = 6*k - 2. Let s(r) = -4*r + 3. Let o(v) = v. Let p(n) = 3*o(n) - s(n). Let i(m) = -6*b(m) + 5*p(m). Give i(3).
-6
Let f(t) = t**3 - 5*t**2 - 6*t - 5. Let r(y) = y**2 + 20*y + 42. Let o be r(-18). Calculate f(o).
-5
Suppose 5*g + 5 = -5*v, 4*g + 4*v = g - 2. Let p(j) = -4*j. What is p(g)?
8
Let k be (1 - (2 - 3))*-1. Let w(r) = r - 13. Let i(h) = -3. Suppose 0 = -3*a - 2*o - 37, 5*a = -4*o - 49 - 16. Let g(q) = a*i(q) + 2*w(q). Calculate g(k).
-3
Let b(r) = 3*r - 4 - 3 - 1 + 4. Calculate b(4).
8
Let r(o) = o**3 - o**2 - o + 2. Let i(m) = -m**2 - 1 + m - m + 6*m - 2*m. Let w be i(3). Suppose -5*q + w = 4*k, -5*k - 2 = q + 3*q. What is r(k)?
-8
Let z be ((-6)/(-9))/((-3)/18). Let a = z + 7. Let m(p) = p + 3*p + 10*p - a*p. Determine m(-1).
-11
Let g(j) = 1. Let p(u) = -u**2 - 14*u + 7. Let c(i) = -6*g(i) + p(i). Give c(-14).
1
Suppose 0 = 4*z + n - 1 - 3, 8 = -2*n. Let u(s) = s**3 - s**2 - 2*s + 2. Let h(q) = 1. Suppose 5*y - 7 = -2. Let x(f) = y*u(f) - 2*h(f). What is x(z)?
0
Let g = -129 + 259/2. Let n(m) be the second derivative of -1/12*m**4 + 0 + 3/2*m**2 + 4*m + g*m**3. What is n(3)?
3
Let w = 14 + -10. Suppose -5*g - 29 = 3*k, 2 = 4*k - w*g - 2. Let s(p) = -p**2 - 2*p - 2. What is s(k)?
-5
Let q(z) = -z**2 + z + 1. Let m(s) = 7*s**2 - 8*s - 6. Let a(l) = -m(l) - 6*q(l). What is a(3)?
-3
Let l(g) = -g - 4. Suppose 20 = 5*q, 5*m - 8 = -0*q - 2*q. Determine l(m).
-4
Let g(n) be the first derivative of n**3/3 - 9*n**2/2 + 8*n - 21. Calculate g(9).
8
Let a(o) = o. Let c be a(1). Let n(v) = -3*v**2 + 2*v - 1. What is n(c)?
-2
Let m(t) = -5*t**2 - 2*t**3 - 8*t - 3*t**3 - 3 + 0 + 2. Let g(k) = -k**3 - k. Let q(r) = -6*g(r) + m(r). What is q(5)?
-11
Suppose 3*i + 4 = 5*i. Suppose -t + 2 = -i*t. Let f(h) = -2*h**2 - 3*h - 3. Let b be f(t). Let z(l) = l - 5. What is z(b)?
-10
Let r(t) = -8 - 4*t + 6*t - 1. What is r(8)?
7
Suppose 3*f = 5*j - 3, 4*j + 2*f = -4 + 2. Let b(x) = j - 5 - x + 2. Let u be b(-6). Let w(n) = n**3 - 4*n**2 + 3*n + 2. Give w(u).
2
Let g = 26 - 14. Let w(f) be the first derivative of f**2 + 8*f + 2. Let a(n) = -1. Let o(v) = g*a(v) + w(v). Determine o(5).
6
Let i(s) = -s**3 - 11*s**2 + 2*s + 22. Let c be i(-11). Let p(j) = j**2 - j - 15. Give p(c).
-15
Let c(o) = -7*o - 8. Let r(j) = -20*j - 25. Let z(u) = -11*c(u) + 4*r(u). Calculate z(-9).
15
Let p(x) be the third derivative of x**5/60 + 5*x**4/24 + 2*x**3/3 - 2*x**2. Suppose -3*u = -3*c + 4*c - 1, -4*c - 18 = u. Let q = u - 6. Give p(q).
0
Let p(z) = z**3 + 5*z**2 - 4*z + 8. Let q(w) = -2*w + 2. Let v be q(4). Calculate p(v).
-4
Let l(g) = -3*g**3 + 4*g**2 - 2. Let u(c) = -4*c**3 + 4*c**2 - 2. Let z(f) = 3*l(f) - 2*u(f). Let v be 3*-2*-1 + -3. Let w = v + 1. What is z(w)?
-2
Let k = 66 + -63. Let m(x) = x**2 - 3*x + 2. What is m(k)?
2
Let g(x) = -x + 8. Let w be g(6). Let r(t) be the third derivative of -7/24*t**4 + 0*t - 5/6*t**3 + t**w - 1/10*t**5 - 1/120*t**6 + 0. Determine r(-5).
5
Let s(i) = i**3 - i**2. Suppose 4*c + 12 = -4*n, 2*c + 6 + 2 = 0. Let f(v) = -5*v**3 + 2*v**2 - 6*v + 7. Let j(o) = n*f(o) + 6*s(o). Calculate j(5).
2
Let r = -36 + 38. Let y(s) be the second derivative of 0 - s + r*s**2 + 1/6*s**3. What is y(-3)?
1
Let h(s) = s**3 - 3*s**2 - 2*s - 2. Suppose 5*x = 3*k - 10, 2*x - 4*k + 6 = 2. Let a be x/(-9) + (-34)/(-9). Give h(a).
6
Let p(j) = j**3 - 6*j**2 - j + 8. Let i be p(6). Let c(s) = s**2 + 1. Let b(w) = -w**3 - 3*w**2 - 3*w - 4. Let t(k) = b(k) + 5*c(k). Give t(i).
-5
Let v(j) be the third derivative of -j**4/12 - 2*j**2. Let r = -2 + 1. Calculate v(r).
2
Let n(r) = 0 - 5 + 1 + 6*r + 5. Let o be (1/(-3))/(2/(-12)). Calculate n(o).
13
Let a(u) = -u - 12. Let n be a(-10). Let h(c) = c**3 + c**2 - 2*c. Determine h(n).
0
Let x be 4*1*3/(5 + -2). Let l(t) = t**3 - 4*t - 6. Let f(r) = r**2 - 1. Let p(d) = 3*f(d) - l(d). Calculate p(x).
3
Let f(g) = -2*g**3 + g**2 + 2*g + 17. Let a(v) = -v**3 + v**2 + v + 8. Let s(k) = 7*a(k) - 3*f(k). Calculate s(4).
9
Let n(p) = -p - 5. Let o(v) = v - 7. Let s be o(0). Let l be n(s). Let r(g) = 4*g**2 + 4 + l*g - 2*g**3 + 3*g**3 + 2. Determine r(-4).
-2
Let c(l) = l**2 + 2*l + 40 - 40. Let y = 1 + -4. Give c(y).
3
Let t(m) = -3*m - 5. Let h be t(-3). Let z(b) = -9*b**3 - h - 10*b**3 - 6*b**2 + 20*b**3. Calculate z(6).
-4
Let i(n) be the third derivative of -n**4/12 - 3*n**3/2 - 11*n**2 + 1. Calculate i(-8).
7
Let p(r) = 3*r**2 + 2*r - 1 - 1 + 1. Let u(j) = j**2 + 7*j + 4. Let w be (-1)/4 + 46/(-8). Let o be u(w). Calculate p(o).
7
Let u(k) = -2*k - 3. Let s(c) = -7*c - 13. Let v(l) = -6*s(l) + 22*u(l). What is v(9)?
-6
Let l = 6 + -3. Suppose -5*k + 6 = u, -l*u + 2 = 5*k - 6. Let q(g) = 5*g**3 + 1. Calculate q(u).
6
Let r(u) = 5*u - 1. Let j = -3 - -4. Determine r(j).
4
Let x(m) = -m - 4. Let t(u) = -3*u - 12. Let o(f) = 6*t(f) - 17*x(f). Give o(0).
-4
Let r(n) = n**3 - 7*n**2 + 5*n + 6. Let j(z) be the second derivative of -z**3/6 - z**2/2 + 2*z. Let f be j(-7). Give r(f).
0
Let s = 3 - 5. Let y(v) = v**3 + v**2 + 1. Let l(o) = 5*o**3 + 7*o**2 + 2*o + 7. Let t(k) = -l(k) + 6*y(k). What is t(s)?
-9
Let r be (-36)/10 - 3/(-5). Let f = -1 + r. Let m(x) = -x. Determine m(f).
4
Let z(g) = -3*g**3 + 7*g**2 + 2*g - 19. Let x(l) = 10 - 2*l**2 - 5*l**2 + l**3 - l**2 - l + 5*l**2. Let t(v) = -5*x(v) - 2*z(v). Determine t(0).
-12
Let a(b) = -b**3 + 3*b**2 + b. Let g be a(3). Let o(n) = 6*n - g*n + 4*n - 1 - n**2. Determine o(6).
5
Let d(y) = 17*y - 1. Let t(g) = -8*g + 1. Let o(v) = -6*d(v) - 13*t(v). Give o(6).
5
Let c(i) be the third derivative of i**5/30 - i**4/24 - i**3/6 - 2*i**2. Let r be ((-7)/(-14))/((-2)/(-8)). Give c(r).
5
Suppose 8*g + 4 = 10*g. Let c(j) = -2*j**2 + 2*j. Give c(g).
-4
Let i(u) = 5*u + 1. Let c be i(-1). Let x = 6 + c. Let o(t) = t**3 - 2*t**2 + 3*t - 2. Calculate o(x).
4
Suppose 3*y + y = o + 12, -5*y = -o - 14. Suppose -2*z - 3*z - 20 = 0, -y*z = -5*b - 37. Let q = -6 - b. Let m(p) = p**3 - 3*p**2 + 2. What is m(q)?
2
Let b(c) = c + 3. Let q be b(-7). Let t(o) = -o**2 - 7*o - 8. Let p be t(q). Let m(w) = -2 - w - w + 5. Calculate m(p).
-5
Let p be 50/15*3/(-2). Let l(w) = -w**2 - 5*w. Determine l(p).
0
Let n(j) = j - 5. Let w be (-1)/3 + 65/15. Suppose 0 = -w*o - 3 + 19. Calculate n(o).
-1
Let n be 18/(2/1) - 5. Let h(m) = 6*m**3 + 31*m**2 + 11*m + 9. Let b(k) = -k**3 - 6*k**2 - 2*k - 2. Let f(r) = -11*b(r) - 2*h(r). What is f(n)?
4
Let w(f) be the first derivative of -2 + 3*f - f**2 + 4*f**2 - 6*f. Determine w(2).
9
Let k be 1 + 1/(-1) + 1. Let l(p) = -7*p + 1. Calculate l(k).
-6
Let k be ((1 - 3) + 0)/(-1). Let y(f) = 16*f - 7*f + k*f.